{"id":116,"date":"2017-07-22T09:03:59","date_gmt":"2017-07-22T09:03:59","guid":{"rendered":"http:\/\/smarten.spdns.de\/?page_id=116"},"modified":"2017-07-22T09:03:59","modified_gmt":"2017-07-22T09:03:59","slug":"uber-uns","status":"publish","type":"page","link":"https:\/\/smarten.spdns.de\/?page_id=116","title":{"rendered":"\u00dcber uns"},"content":{"rendered":"<p><img loading=\"lazy\" decoding=\"async\" class=\"alignnone size-full wp-image-22\" src=\"http:\/\/smarten.spdns.de\/wp-content\/uploads\/2017\/06\/smartenlogo.png\" alt=\"\" width=\"3000\" height=\"618\" srcset=\"https:\/\/smarten.spdns.de\/wp-content\/uploads\/2017\/06\/smartenlogo.png 3000w, https:\/\/smarten.spdns.de\/wp-content\/uploads\/2017\/06\/smartenlogo-300x62.png 300w, https:\/\/smarten.spdns.de\/wp-content\/uploads\/2017\/06\/smartenlogo-1024x211.png 1024w, https:\/\/smarten.spdns.de\/wp-content\/uploads\/2017\/06\/smartenlogo-768x158.png 768w, https:\/\/smarten.spdns.de\/wp-content\/uploads\/2017\/06\/smartenlogo-1536x316.png 1536w, https:\/\/smarten.spdns.de\/wp-content\/uploads\/2017\/06\/smartenlogo-2048x422.png 2048w\" sizes=\"auto, (max-width: 3000px) 100vw, 3000px\" \/><\/p>\n<p>smarTen ist die Gruppe Nummer 10 des Kurses Softwaretechnik Praktikum (SwtPra) 2017 der Universit\u00e4t Paderborn.<\/p>\n<div class=\"page\" title=\"Page 5\">\n<table>\n<colgroup>\n<col \/>\n<col \/> <\/colgroup>\n<tbody>\n<tr>\n<td colspan=\"1\" rowspan=\"2\">\n<div class=\"layoutArea\">\n<div class=\"column\">\n<p>Projektmanager<\/p>\n<\/div>\n<\/div>\n<\/td>\n<td>\n<div class=\"layoutArea\">\n<div class=\"column\">\n<p>Moritz Thiele<\/p>\n<\/div>\n<\/div>\n<\/td>\n<\/tr>\n<tr>\n<td>\n<div class=\"layoutArea\">\n<div class=\"column\">\n<p>Robin Wulfes<\/p>\n<\/div>\n<\/div>\n<\/td>\n<\/tr>\n<tr>\n<td colspan=\"1\" rowspan=\"2\">\n<div class=\"layoutArea\">\n<div class=\"column\">\n<p>Dom\u00e4nenanalyst &amp; Architekturmanager<\/p>\n<\/div>\n<\/div>\n<\/td>\n<td>\n<div class=\"layoutArea\">\n<div class=\"column\">\n<p>Wolfgang Schaperdot<\/p>\n<\/div>\n<\/div>\n<\/td>\n<\/tr>\n<tr>\n<td>\n<div class=\"layoutArea\">\n<div class=\"column\">\n<p>Hanna Siek<\/p>\n<\/div>\n<\/div>\n<\/td>\n<\/tr>\n<tr>\n<td>\n<div class=\"layoutArea\">\n<div class=\"column\">\n<p>Modellierungsexperte<\/p>\n<\/div>\n<\/div>\n<\/td>\n<td>\n<div class=\"layoutArea\">\n<div class=\"column\">\n<p>David Bock<\/p>\n<\/div>\n<\/div>\n<\/td>\n<\/tr>\n<tr>\n<td>\n<div class=\"layoutArea\">\n<div class=\"column\">\n<p>Technologieexperte<\/p>\n<\/div>\n<\/div>\n<\/td>\n<td>\n<div class=\"layoutArea\">\n<div class=\"column\">\n<p>Jost Rossel<\/p>\n<\/div>\n<\/div>\n<\/td>\n<\/tr>\n<tr>\n<td>\n<div class=\"layoutArea\">\n<div class=\"column\">\n<p>Implementierungsmanager<\/p>\n<\/div>\n<\/div>\n<\/td>\n<td>\n<div class=\"layoutArea\">\n<div class=\"column\">\n<p>Bj\u00f6rn Luchterhandt<\/p>\n<\/div>\n<\/div>\n<\/td>\n<\/tr>\n<tr>\n<td>\n<div class=\"layoutArea\">\n<div class=\"column\">\n<p>Qualit\u00e4tsmanager<\/p>\n<\/div>\n<\/div>\n<\/td>\n<td>\n<div class=\"layoutArea\">\n<div class=\"column\">\n<p>Sebastian Pranger<\/p>\n<\/div>\n<\/div>\n<\/td>\n<\/tr>\n<tr>\n<td>\n<div class=\"layoutArea\">\n<div class=\"column\">\n<p>Testmanager<\/p>\n<\/div>\n<\/div>\n<\/td>\n<td>\n<div class=\"layoutArea\">\n<div class=\"column\">\n<p>Ren\u00e9 Scherf<\/p>\n<\/div>\n<\/div>\n<\/td>\n<\/tr>\n<tr>\n<td>\n<div class=\"layoutArea\">\n<div class=\"column\">\n<p>Produktmanager<\/p>\n<\/div>\n<\/div>\n<\/td>\n<td>\n<div class=\"layoutArea\">\n<div class=\"column\">\n<p>Niklas Doppelstein<\/p>\n<\/div>\n<\/div>\n<\/td>\n<\/tr>\n<tr>\n<td>\n<div class=\"layoutArea\">\n<div class=\"column\">\n<p>Werkzeugbeauftragter<\/p>\n<\/div>\n<\/div>\n<\/td>\n<td>\n<div class=\"layoutArea\">\n<div class=\"column\">\n<p>Max Kr\u00f6mker<\/p>\n<\/div>\n<\/div>\n<\/td>\n<\/tr>\n<tr>\n<td>\n<div class=\"layoutArea\">\n<div class=\"column\">\n<p>Dokumentationsmanager<\/p>\n<\/div>\n<\/div>\n<\/td>\n<td>\n<div class=\"layoutArea\">\n<div class=\"column\">\n<p>Anke K\u00fcstner<\/p>\n<\/div>\n<\/div>\n<\/td>\n<\/tr>\n<tr>\n<td>\n<div class=\"layoutArea\">\n<div class=\"column\">\n<p>Komitee-Mitglied<\/p>\n<\/div>\n<\/div>\n<\/td>\n<td>\n<div class=\"layoutArea\">\n<div class=\"column\">\n<p>Bj\u00f6rn Luchterhandt<\/p>\n<\/div>\n<\/div>\n<\/td>\n<\/tr>\n<tr>\n<td>\n<div class=\"layoutArea\">\n<div class=\"column\">\n<p>Tutor<\/p>\n<\/div>\n<\/div>\n<\/td>\n<td>\n<div class=\"layoutArea\">\n<div class=\"column\">\n<p>Christin L\u00f6er<\/p>\n<\/div>\n<\/div>\n<\/td>\n<\/tr>\n<\/tbody>\n<\/table>\n<\/div>\n","protected":false},"excerpt":{"rendered":"<p>smarTen ist die Gruppe Nummer 10 des Kurses Softwaretechnik Praktikum (SwtPra) 2017 der Universit\u00e4t Paderborn. Projektmanager Moritz Thiele Robin Wulfes Dom\u00e4nenanalyst &amp; Architekturmanager Wolfgang Schaperdot Hanna Siek Modellierungsexperte David Bock Technologieexperte Jost Rossel Implementierungsmanager Bj\u00f6rn Luchterhandt Qualit\u00e4tsmanager Sebastian Pranger Testmanager Ren\u00e9 Scherf Produktmanager Niklas Doppelstein Werkzeugbeauftragter Max Kr\u00f6mker Dokumentationsmanager Anke K\u00fcstner Komitee-Mitglied Bj\u00f6rn Luchterhandt Tutor &hellip; <a href=\"https:\/\/smarten.spdns.de\/?page_id=116\" class=\"more-link\">Continue reading <span class=\"screen-reader-text\">\u00dcber uns<\/span> <span class=\"meta-nav\">&rarr;<\/span><\/a><\/p>\n","protected":false},"author":1,"featured_media":0,"parent":0,"menu_order":0,"comment_status":"closed","ping_status":"closed","template":"","meta":{"footnotes":""},"class_list":["post-116","page","type-page","status-publish","hentry"],"_links":{"self":[{"href":"https:\/\/smarten.spdns.de\/index.php?rest_route=\/wp\/v2\/pages\/116","targetHints":{"allow":["GET"]}}],"collection":[{"href":"https:\/\/smarten.spdns.de\/index.php?rest_route=\/wp\/v2\/pages"}],"about":[{"href":"https:\/\/smarten.spdns.de\/index.php?rest_route=\/wp\/v2\/types\/page"}],"author":[{"embeddable":true,"href":"https:\/\/smarten.spdns.de\/index.php?rest_route=\/wp\/v2\/users\/1"}],"replies":[{"embeddable":true,"href":"https:\/\/smarten.spdns.de\/index.php?rest_route=%2Fwp%2Fv2%2Fcomments&post=116"}],"version-history":[{"count":0,"href":"https:\/\/smarten.spdns.de\/index.php?rest_route=\/wp\/v2\/pages\/116\/revisions"}],"wp:attachment":[{"href":"https:\/\/smarten.spdns.de\/index.php?rest_route=%2Fwp%2Fv2%2Fmedia&parent=116"}],"curies":[{"name":"wp","href":"https:\/\/api.w.org\/{rel}","templated":true}]}}